g**2 + g - 9. What is q(3)?
-6
Let m(q) = 2*q**3 - 3*q**2 - 2*q - 1. What is m(2)?
-1
Let i(w) = 2*w**3 - 3*w**2 + 3*w - 1. Determine i(-3).
-91
Let l(s) = -s**2 + 15*s + 15. What is l(11)?
59
Let g(j) = -24*j - 10. Give g(6).
-154
Let i(o) = 2*o**2 + 11*o - 32. Give i(-10).
58
Let q(r) = -4*r + 55. What is q(12)?
7
Let b(s) = -7*s - 12. What is b(-1)?
-5
Let n(m) = 3*m**2 + 50*m + 5. What is n(-16)?
-27
Let w(s) = -s**3 + 34*s**2 - 2*s + 69. Calculate w(34).
1
Let k(l) = -2*l - 6. What is k(-4)?
2
Let t(u) = -u**2 + 4*u + 2. What is t(6)?
-10
Let p(m) = -m**3 - 11*m**2 + 2*m + 12. What is p(-11)?
-10
Let q(z) = -2*z**2 + 2*z + 6. Calculate q(0).
6
Let j(g) = 4*g + 4. Calculate j(5).
24
Let b(h) = -h**2 + 16*h - 14. Determine b(15).
1
Let u(d) = d**3 + 16*d**2 + d + 3. Calculate u(-16).
-13
Let i(l) = l**3 + l**2 - 3*l - 1. Give i(-2).
1
Let t(r) = 13*r + 117. What is t(-9)?
0
Let g(v) = 11*v + 44. Calculate g(14).
198
Let p(y) = -y**3 + 2*y**2 + y + 4. Determine p(3).
-2
Let n(z) = z**2 + 5*z - 16. Give n(-8).
8
Let u(s) = -s**3 + 2*s**2 + 8*s + 20. Determine u(5).
-15
Let s(l) = -l**3 + 17*l**2 + 8. Calculate s(17).
8
Let x(h) = -h**2 + 15*h - 45. Determine x(10).
5
Let x(u) = u**2 + 3*u - 12. Give x(-6).
6
Let a(l) = l**3 - 23*l**2 + 78*l - 37. Calculate a(19).
1
Let i(b) = -b**2 - b - 12. Determine i(0).
-12
Let i(x) = x**2 - 2*x - 5. Calculate i(-3).
10
Let r(w) = -23*w - 1. Calculate r(-2).
45
Let k(c) = -2*c**2 - 10*c - 26. What is k(-6)?
-38
Let p(t) = -t. Calculate p(10).
-10
Let v(j) = 4*j**2 - 2*j + 2. What is v(1)?
4
Let y(d) = 9*d - 20. Calculate y(-10).
-110
Let d(s) = 2*s**2 - 16*s - 32. Determine d(11).
34
Let l(p) = -p**3 - 16*p**2 - 30*p - 37. Determine l(-14).
-9
Let r(j) = -j**2 + 11*j - 24. What is r(7)?
4
Let l(i) = -6*i**3 - 3*i**2 + 1. Calculate l(2).
-59
Let s(w) = -11*w - 14. Calculate s(-6).
52
Let d(j) = -j**3 - 17*j**2 - 22*j - 44. Determine d(-16).
52
Let f(t) = 2*t**2 - 8*t + 4. Give f(3).
-2
Let r(h) = -2*h + 13. What is r(9)?
-5
Let t(k) = -18*k - 86. Determine t(-5).
4
Let q(b) = 5*b - 122. Calculate q(11).
-67
Let m(g) = -g**2 - 2*g + 16. What is m(0)?
16
Let d(n) = -n**2 - 17*n + 11. Determine d(-18).
-7
Let v(o) = -7*o + 2. Determine v(-3).
23
Let m(y) = y**2 - 30*y + 77. What is m(3)?
-4
Let n(g) = -g**3 + 16*g**2 - 27*g - 26. Calculate n(14).
-12
Let q(n) = -n**3 - 4*n**2 + 7*n + 6. Determine q(-5).
-4
Let h(z) = -z**2 + 3*z + 14. Calculate h(6).
-4
Let u(i) = -i**3 - 21*i**2 - 43*i - 13. Determine u(-19).
82
Let q(f) = 6*f - 36. Determine q(-5).
-66
Let p(t) = 2*t**2 + 4*t + 17. Determine p(-5).
47
Let c(u) = -u**2 + u + 41. Determine c(-11).
-91
Let g(v) = v**3 + 12*v**2 - 26*v + 17. Calculate g(-14).
-11
Let y(r) = -r**3 - r**2 + 23. Determine y(0).
23
Let v(d) = -d**2 + 14*d + 1. What is v(13)?
14
Let f(p) = -p**3 - 8*p**2 - 2*p + 6. Give f(-7).
-29
Let z(x) = -x**3 + 3*x**2 + 5*x + 1. What is z(5)?
-24
Let t(m) = m + 4. Give t(-4).
0
Let y(x) = 4*x**2 + 3*x - 2. Calculate y(-4).
50
Let w(d) = d**3 - 4*d**2 - 3*d - 9. Determine w(5).
1
Let v(l) = 16*l + 3. What is v(-1)?
-13
Let m(b) = 10*b**2 + b. Give m(1).
11
Let l(c) = 3*c**2 - 6*c - 16. Give l(6).
56
Let h(y) = -25*y - 1. Give h(2).
-51
Let v(n) = -n**2 + 5*n + 6. Give v(8).
-18
Let l(k) = 26*k + 11. Determine l(-4).
-93
Let n(y) = -24*y - 1488. Calculate n(-62).
0
Let b(p) = p**3 + 9*p**2 + 13*p + 7. What is b(-6)?
37
Let i(q) = q**3 - 8*q**2 - 3*q - 57. Determine i(9).
-3
Let p(o) = -o**3 - 20*o**2 - 15*o + 1. What is p(-19)?
-75
Let c(i) = -i**2 + 7*i - 16. Determine c(8).
-24
Let o(x) = -x**3 + 7*x**2 - 3*x - 16. What is o(7)?
-37
Let c(i) = -3*i**2 + 13*i - 6. Give c(4).
-2
Let o(u) = -u**2 - 40*u - 45. Give o(-37).
66
Let z(f) = -f**3 + 6*f**2 + 7*f - 8. Determine z(7).
-8
Let w(y) = -12*y**2 - y. Give w(1).
-13
Let c(s) = -3*s. Give c(9).
-27
Let g(m) = m**2 - 14*m + 1. Give g(2).
-23
Let q(r) = r**3 - 7*r**2 + 9*r + 11. What is q(5)?
6
Let i(t) = -t**2 + t - 32. Calculate i(5).
-52
Let o(w) = 12*w - 387. Give o(32).
-3
Let v(n) = -n**3 - 4*n**2 + 7*n + 14. Calculate v(-4).
-14
Let t(v) = -v**3 + 9*v**2 - 7*v - 2. Determine t(8).
6
Let h(s) = s**2 - 29*s - 32. Determine h(30).
-2
Let o(a) = a**2 + 2*a - 9. What is o(0)?
-9
Let m(w) = 13*w - 2. What is m(1)?
11
Let n(k) = -2*k**2 - 6*k + 7. Give n(2).
-13
Let y(x) = -x**3 + 23*x**2 + 53*x - 19. Calculate y(25).
56
Let n(c) = c**3 - 9*c**2 + 7*c + 1. What is n(8)?
-7
Let o(q) = -5*q - 2. Calculate o(-5).
23
Let i(g) = -2*g**2 - 17*g - 49. Calculate i(-7).
-28
Let l(t) = t**3 + 15*t**2 - 3*t + 7. What is l(-15)?
52
Let t(l) = -l**2 - 20*l - 40. Calculate t(-18).
-4
Let i(v) = 78*v - 2101. Give i(27).
5
Let z(l) = 4*l - 1. Calculate z(-3).
-13
Let p(f) = f**3 + 28*f**2 + 27*f + 17. Give p(-27).
17
Let n(r) = -r**2 - 4*r + 278. Determine n(15).
-7
Let i(y) = -y**2 - 4*y. Give i(4).
-32
Let d(y) = y**3 + 46*y**2 + 48*y + 103. What is d(-45)?
-32
Let t(o) = -2*o**2 + 18*o + 9. Determine t(9).
9
Let s(x) = -91*x**3 + 3*x + 4. Determine s(-1).
92
Let h(y) = -y**3 - 10*y**2 - 16*y + 3. What is h(-8)?
3
Let x(t) = t**2 - 4*t - 33. Give x(14).
107
Let r(f) = -f**2 + 17*f - 22. Give r(15).
8
Let g(i) = 13*i**2 + 1. Calculate g(2).
53
Let q(k) = -k**2 + 13*k - 15. Give q(11).
7
Let w(x) = x**2 + 5*x - 3. What is w(-5)?
-3
Let j(t) = -6*t + 103. What is j(14)?
19
Let j(a) = -2*a - 17. What is j(-4)?
-9
Let n(m) = 56*m**3 + m**2 + 2*m + 1. What is n(-1)?
-56
Let y(u) = 21*u + 8. What is y(-6)?
-118
Let t(c) = 3*c**2 - 72*c - 17. Calculate t(25).
58
Let p(q) = q**2 - 8*q - 10. Calculate p(11).
23
Let c(j) = -3*j**2 - 2*j - 2. Calculate c(-4).
-42
Let j(v) = v**2 + 42*v - 42. Give j(-43).
1
Let l(i) = -i**3 + 20*i**2 + 27*i - 113. Determine l(21).
13
Let j(m) = -2*m**3 + 9*m**2 + 3*m + 5. Give j(5).
-5
Let w(s) = s - 5. What is w(-11)?
-16
Let i(a) = -a**2 - 5*a + 2. Calculate i(-9).
-34
Let q(h) = 20*h + 133. Determine q(-7).
-7
Let i(h) = -2*h**2 + 14*h - 7. Determine i(6).
5
Let b(a) = 2*a**2 - 23*a + 8. Calculate b(11).
-3
Let x(c) = -4*c + 19. Calculate x(-3).
31
Let f(p) = -p**2 + 27*p - 53. Determine f(24).
19
Let c(g) = 2*g**2 + 11*g - 6. What is c(-7)?
15
Let c(v) = 16*v + 312. Calculate c(-19).
8
Let t(q) = 29*q + 121. Determine t(-4).
5
Let s(i) = 5*i + 89. Determine s(-18).
-1
Let m(x) = 17*x + 85. Give m(-5).
0
Let t(w) = -w**3 - 12*w**2 - 20*w + 5. Determine t(-10).
5
Let f(o) = 4*o**3 + 2*o**2 + 5*o + 5. Give f(-2).
-29
Let f(v) = -7*v - 122. What is f(-18)?
4
Let t(a) = a**3 - 7*a**2 - 18*a + 1. What is t(9)?
1
Let w(j) = 4*j**2 - 2*j - 2. Calculate w(-3).
40
Let q(z) = -z**3 + 6*z**2 + 11*z + 9. Give q(7).
37
Let c(i) = i**2 - 3*i - 7. Calculate c(5).
3
Let p(y) = y + 4. What is p(-4)?
0
Let a(g) = -4*g + 10. Calculate a(12).
-38
Let j(s) = s**3 + 5*s**2 - 8*s. What is j(-6)?
12
Let k(j) = 5*j**2 - 170*j + 171. Calculate k(33).
6
Let v(y) = 2*y**2 - 17*y + 27. Determine v(8).
19
Let h(a) = -a**3 + 6*a**2 - 6*a. Determine h(5).
-5
Let f(k) = k**2 - 12*k - 10. What is f(13)?
3
Let n(w) = 2*w**3 + 4*w**2 - 2*w + 7. Determine n(-3).
-5
Let l(h) = 3*h**2 - h + 4. Determine l(3).
28
Let i(m) = 6*m + 37. What is i(-5)?
7
Let h(u) = -u**2 + 17*u - 33. Give h(10).
37
Let l(w) = 4*w**2 + 6*w + 1. What is l(-3)?
19
Let g(s) = -s**3 + 2*s**2 + 2*s - 4. What is g(3)?
-7
Let l(w) = w**2 - 11*w + 2. Determine l(9).
-16
Let r(w) = 4*w + 16. Calculate r(-7).
-12
Let o(k) = 7*k - 5. Determine o(2).
9
Let u(c) = c**3 - 11*c**2 + 7*c + 34. Calculate u(10).
4
Let b(i) = -i**2 - 17*i - 55. Determine b(-13).
-3
Let x(q) = -2*q - 19. Calculate x(-9).
-1
Let f(s) = s**3 - 9*s**2 - 2*s + 5. Calculate f(9).
-13
Let x(l) = 146*l + 579. Give x(-4).
-5
Let h(u) = -3*u - 27. What is h(-11)?
6
Let h(t) = -t**2 - 3*t + 2. Determine h(-5).
-8
Let r(w) = -7*w - 39. What is r(-4)?
-11
Let m(t) = t**2 - 9*t + 2. What is m(10)?
12
Let j(w) = 17*w - 51. Give j(5).
34
Let r(o) = 3*o + 3. Determine r(-3).
-6
Let b(u) = -129*u + 769. What is b(6)?
-5
Let c(l) = l**3 + 12*l**2 + 23*l - 5. Calculate c(-9).
31
Let h(v) = 4*v - 21. Give h(-15).
-81
Let g(a) = a**2 - 8*a - 3. What is g(10)?
17
Let f(c) = 24*c**3 + c**2 + c - 1. Give f(1).
25
Let u(p) = 4*p**2 - p - 9. Give u(4).
51
Let z(k) = -k**2 - 14*k - 43. What is z(-7)?
6
Let